 + 24. Give h(26).
-28
Let y(z) = z**3 + 12*z**2 - 3*z - 4. Determine y(-12).
32
Let a(x) = -x**3 + 6*x**2 - 7*x - 1. Calculate a(5).
-11
Let y(a) = -7*a**2 - 10*a - 16. What is y(-5)?
-141
Let v(a) = -4*a + 75. What is v(18)?
3
Let w(d) = -2*d - 25. What is w(-17)?
9
Let m(j) = -j**3 - 6*j**2 - 2*j + 8. Give m(-6).
20
Let o(r) = -2*r - 1. What is o(-2)?
3
Let n(m) = -17*m**3 + 2*m**2 - 1. Determine n(1).
-16
Let r(g) = g**2 - 7*g - 12. Calculate r(8).
-4
Let n(m) = m**3 - 9*m**2 + 10*m + 8. Calculate n(8).
24
Let z(q) = q**3 - 5*q**2 + 6*q - 10. Give z(5).
20
Let d(u) = -u**3 - 38*u**2 - 72*u + 7. What is d(-36)?
7
Let v(o) = o**2 + 7*o + 6. Give v(-7).
6
Let n(o) = -114*o - 449. Determine n(-4).
7
Let s(q) = q**3 + 10*q**2 + 3*q + 24. What is s(-10)?
-6
Let q(l) = l**2 - 6*l - 13. Determine q(7).
-6
Let j(d) = d**3 + 7. What is j(0)?
7
Let c(v) = v**3 - 4*v**2 - 11*v + 10. What is c(5)?
-20
Let g(n) = 2*n**2 - 3*n - 9. Give g(4).
11
Let o(w) = w**2 - 59*w + 11. What is o(0)?
11
Let t(v) = 3*v - 4. Give t(8).
20
Let j(h) = 2*h**3 - 18*h**2 + 36*h. Determine j(6).
0
Let l(u) = u**2 + 14*u + 57. Determine l(-7).
8
Let y(j) = 9*j + 5. Calculate y(-5).
-40
Let r(q) = 16*q**3 + q**2 + 2*q - 3. Give r(1).
16
Let g(d) = -5*d - 148. Give g(-27).
-13
Let u(j) = 15*j - 1. What is u(-1)?
-16
Let q(j) = 20*j - 125. Give q(6).
-5
Let y(j) = 19*j**2 - 8*j + 15. Calculate y(2).
75
Let h(p) = 72*p**3 - 2*p**2 + p + 2. Determine h(-1).
-73
Let k(g) = 5*g + 4. Give k(-4).
-16
Let n(p) = -p**2 + 23*p - 46. Give n(21).
-4
Let g(j) = -5*j - 18. What is g(-4)?
2
Let p(c) = -c**3 - 13*c**2 + 17*c + 28. Give p(-14).
-14
Let l(k) = -k**3 - 3*k**2 + 6*k + 5. Calculate l(-4).
-3
Let r(w) = w + 4. Determine r(-6).
-2
Let z(d) = -d**3 + 16*d**2 - 15*d - 12. Determine z(15).
-12
Let g(u) = 2*u**2 + 11*u - 74. Determine g(4).
2
Let y(a) = a**2 - 2*a + 3. Give y(-5).
38
Let q(t) = -5*t**3 + 4*t**2 - 3*t - 3. What is q(2)?
-33
Let y(m) = m**2 + 26*m + 46. Determine y(-24).
-2
Let k(m) = -m**2 + 17*m - 7. Give k(7).
63
Let x(d) = d**3 - 12*d**2 + 12*d - 11. What is x(11)?
0
Let d(i) = -i**3 + 17*i**2 + 9*i + 35. What is d(17)?
188
Let q(f) = -f**3 + 18*f**2 - 32*f - 3. Calculate q(16).
-3
Let k(b) = 2*b**3 + 8*b**2 + 8*b + 18. Give k(-5).
-72
Let w(h) = -h**2 - 120*h + 121. What is w(1)?
0
Let v(z) = 2*z**2 - 3*z - 15. Give v(3).
-6
Let k(r) = -r**3 - 5*r**2 - 2*r + 3. Calculate k(-4).
-5
Let j(m) = -m**3 - 13*m**2 + 27*m - 45. Give j(-15).
0
Let o(w) = -w + 2. What is o(-10)?
12
Let u(l) = l**3 + 16*l**2 + 19*l + 30. Determine u(-15).
-30
Let g(r) = r**2 - 6*r + 10. Give g(7).
17
Let j(n) = -n**2 + 5*n + 2. What is j(-3)?
-22
Let p(z) = -11*z**2 + 32*z - 6. Determine p(4).
-54
Let d(z) = 2*z**2 - 15*z - 1. Determine d(5).
-26
Let n(i) = 6*i - 64. Calculate n(11).
2
Let d(n) = -n**3 - 4*n**2 + 3*n - 8. What is d(-6)?
46
Let t(d) = -d**3 + 2*d**2 - d - 4. What is t(0)?
-4
Let a(n) = 2*n**2 + 3*n + 14. Give a(-6).
68
Let d(p) = -p**3 - 9*p**2 + 12*p + 17. Determine d(-10).
-3
Let j(c) = -3*c**3 - 36*c**2 - 4*c - 21. Calculate j(-12).
27
Let z(i) = -3*i + 1. Calculate z(-1).
4
Let u(i) = i**3 + 8*i**2 - i + 4. Give u(-8).
12
Let d(x) = x**2 + 20*x + 6. Give d(-21).
27
Let o(k) = -k - 75. Calculate o(0).
-75
Let f(z) = -z**3 + 11*z**2 + 4*z - 36. Calculate f(11).
8
Let m(r) = -493*r + 2961. Calculate m(6).
3
Let j(p) = -2*p**2 + 10*p - 11. What is j(5)?
-11
Let h(k) = -k**3 + 8*k - 6. Determine h(2).
2
Let r(p) = 23*p**2 + 4*p - 7. Determine r(2).
93
Let t(f) = 10*f + 36. Determine t(-3).
6
Let g(y) = -2*y**2 - 26*y - 57. Determine g(-12).
-33
Let w(k) = -k**3 + 11*k**2 + 13*k - 10. Determine w(12).
2
Let l(z) = -2*z**3 + 44*z**2 - 6. What is l(22)?
-6
Let s(j) = -j**3 + 10*j**2 - 2*j - 48. Determine s(9).
15
Let y(z) = 54*z - 10. What is y(1)?
44
Let y(d) = -d**2 + 1. Calculate y(5).
-24
Let f(d) = -7*d + 23. What is f(3)?
2
Let j(c) = 2*c**2 - 34*c - 15. What is j(18)?
21
Let w(x) = -x**3 + 5*x**2 + 4*x - 6. Give w(3).
24
Let q(x) = x**3 + 10*x**2 + 34*x + 62. Determine q(-6).
2
Let t(h) = -77*h**2 - 3*h + 1. Determine t(1).
-79
Let p(j) = -23*j - 110. Give p(-5).
5
Let v(r) = -2*r**2 + 48*r - 44. Determine v(23).
2
Let x(r) = 3*r**2 + 22*r - 3. What is x(-8)?
13
Let x(t) = t**3 - 31*t**2 - 31*t + 7. Give x(32).
39
Let z(p) = -66*p + 17. Determine z(4).
-247
Let f(z) = 9*z - 149. What is f(21)?
40
Let a(u) = -u**2 - 4*u + 3. Give a(-8).
-29
Let x(j) = 10*j + 397. What is x(-39)?
7
Let p(s) = s - 2. Determine p(-10).
-12
Let w(c) = c**3 + 17*c**2 + 58*c + 73. What is w(-13)?
-5
Let p(v) = v**3 + 14*v**2 + 15. Give p(-14).
15
Let t(n) = n**2 + 12*n + 12. Calculate t(-8).
-20
Let i(n) = n**2 + 47*n + 286. Give i(-7).
6
Let t(k) = k**2 - 5*k + 10. Calculate t(5).
10
Let q(k) = -k**3 + 7*k**2 - 13*k + 26. Give q(6).
-16
Let g(c) = 3*c**3 - 4*c**2 + 3*c + 2. What is g(3)?
56
Let w(g) = g**2 + 3*g - 1. What is w(-3)?
-1
Let y(n) = -n - 5. Determine y(-9).
4
Let x(o) = -o**3 - o**2 + 76*o + 28. Calculate x(-9).
-8
Let g(q) = q**2 - 10*q + 10. What is g(10)?
10
Let l(u) = u**3 - 38*u**2 - 125*u + 77. What is l(41)?
-5
Let g(x) = 72*x + 147. Calculate g(-2).
3
Let j(k) = -3*k + 20. Determine j(7).
-1
Let y(b) = b + 6. What is y(22)?
28
Let w(v) = -3*v + 6. Determine w(5).
-9
Let j(t) = -8*t + 10. Calculate j(1).
2
Let z(i) = -i**2 + 4*i - 7. Determine z(4).
-7
Let d(n) = -n**3 + 9*n**2 - 6*n + 13. Give d(9).
-41
Let c(b) = -18*b + 58. Determine c(3).
4
Let p(l) = -15*l - 106. Give p(-7).
-1
Let z(o) = -o**2 + 5*o + 6. Give z(5).
6
Let t(b) = 5*b - 13. What is t(3)?
2
Let z(a) = -a**2 - 21*a + 32. Determine z(-22).
10
Let g(b) = 3*b + 18. Calculate g(5).
33
Let n(v) = 4*v**2 + 4. What is n(4)?
68
Let i(k) = -k**2 - 19*k - 82. Calculate i(-13).
-4
Let i(v) = -7*v - 285. Calculate i(-42).
9
Let r(j) = -j**3 - j**2 + 2*j - 2. Give r(-3).
10
Let t(h) = -2*h - 6. Calculate t(-5).
4
Let u(a) = -a**3 - 6*a**2 + 9*a + 1. Calculate u(-6).
-53
Let w(s) = -s**2 + 5*s + 19. Determine w(0).
19
Let o(p) = -5*p**2 - 5*p - 3. Give o(-1).
-3
Let i(j) = -j**2 - 7*j - 22. Determine i(-5).
-12
Let w(x) = 37*x**3 - 2*x**2 + 4*x - 3. Calculate w(1).
36
Let u(j) = j - 8. Give u(6).
-2
Let b(c) = -c**3 - 11*c**2 + 10*c - 33. Determine b(-12).
-9
Let l(o) = -o**3 + 5*o**2 - 6*o - 4. Determine l(2).
-4
Let r(h) = 2*h**3 - 8*h**2 + h + 2. Determine r(0).
2
Let n(t) = -2*t + 10. Give n(8).
-6
Let p(m) = -m**3 + 4*m**2 - m - 13. Calculate p(4).
-17
Let p(i) = -i**2 + 3*i. What is p(4)?
-4
Let b(f) = 62*f + 404. Determine b(-6).
32
Let q(v) = -5*v**2 + 25*v + 12. What is q(5)?
12
Let u(k) = -2*k**2 - 12*k + 7. Determine u(-7).
-7
Let i(x) = x**2 - 43. Give i(0).
-43
Let i(r) = -3*r**2 - 58*r - 20. What is i(-19)?
-1
Let p(q) = 2*q + 28. Give p(-16).
-4
Let x(j) = -j - 4. Determine x(-9).
5
Let y(s) = -s**3 + 10*s**2 - 7*s - 16. Determine y(9).
2
Let b(q) = -q**3 + 9*q**2 - 6*q + 5. Give b(6).
77
Let o(k) = -k**2 - k + 25. Determine o(5).
-5
Let f(r) = 41*r**2 - 6*r - 1. Give f(-1).
46
Let b(l) = -3*l**3 + l**2 + 2*l + 2. Determine b(-1).
4
Let m(z) = -z**2 + 11. What is m(4)?
-5
Let t(g) = -3*g**2 + 4*g + 3. Calculate t(0).
3
Let m(u) = 2*u**3 + 3*u**2 + 5*u. Determine m(-4).
-100
Let s(k) = -64*k + 5. Calculate s(3).
-187
Let n(c) = 9*c**3 + 33*c**2 - 31*c - 2. What is n(1)?
9
Let l(j) = -136*j + 9. What is l(1)?
-127
Let m(c) = -c**3 - c**2 - 2*c + 90. Calculate m(0).
90
Let a(s) = 4*s**2 + 2*s. Give a(-2).
12
Let j(p) = p**3 - 5*p**2 - 3*p - 7. Give j(5).
-22
Let h(r) = 18*r**2 - 3*r. Determine h(2).
66
Let h(b) = 21*b + 86. Calculate h(-3).
23
Let y(i) = 2*i - 14. Give y(5).
-4
Let u(v) = -v**2 + v + 5. Give u(6).
-25
Let q(g) = -26*g - 240. Calculate q(-9).
-6
Let p(o) = -o**3 + 11*o**2 - 15*o + 35. Give p(10).
-15
Let p(a) = -16*a - 18. Determine p(-1).
-2
Let g(n) = 11*n**2 + 7*n + 1. Calculate g(-1).
5
Let g(k) = k**2 + k - 58. Calculate g(7).
-2
Let y(o) = -o**3 + 6*o**2 - 7*o + 20. Determine y(5).
10
Let l(w) = -w + 2. Give l(-7).
9
Let j(x) = -16*x + 12. Calculate j(0).
12
Let l(t) = -9*t + 24. Determine l(10).
-66
Let l(v) = -v**3 + 16*v**2 - 14*v - 22. Calculate l(15).
-7
Let w(s) = -8*s**3 + 2*s**2 - s. Determine w(1).
-7
Let x(i) = i**2 - 10*i + 1. Determine x(8).
-15
Let a(y) = y**2 - 14*y + 3. Ca